{"id":626,"date":"2024-01-22T13:09:59","date_gmt":"2024-01-22T12:09:59","guid":{"rendered":"https:\/\/www.haushelden-service.de\/?page_id=626"},"modified":"2024-01-22T20:59:41","modified_gmt":"2024-01-22T19:59:41","slug":"professionelle-renovierungsarbeiten-und-bauarbeiten-in-koeln-duesseldorf-und-umgebung","status":"publish","type":"page","link":"https:\/\/haushelden-service.de\/index.php\/services-page\/professionelle-renovierungsarbeiten-und-bauarbeiten-in-koeln-duesseldorf-und-umgebung\/","title":{"rendered":"Renovierung"},"content":{"rendered":"\n<div class=\"wp-block-group alignfull has-raft-bg-alt-background-color has-background is-layout-constrained wp-container-core-group-is-layout-c2b63da3 wp-block-group-is-layout-constrained\" style=\"margin-top:0px;margin-bottom:0px;padding-top:var(--wp--preset--spacing--80);padding-right:var(--wp--preset--spacing--40);padding-bottom:var(--wp--preset--spacing--80);padding-left:var(--wp--preset--spacing--40)\">\n<div class=\"wp-block-group alignwide is-layout-flow wp-block-group-is-layout-flow\">\n<div class=\"wp-block-columns is-layout-flex wp-container-core-columns-is-layout-28f84493 wp-block-columns-is-layout-flex\">\n<div class=\"wp-block-column is-vertically-aligned-center is-layout-flow wp-block-column-is-layout-flow\">\n<h2 class=\"wp-block-heading has-text-align-left animated backInLeft has-text-color has-link-color wp-elements-5fcd760a9c9556968279b08debb5ad64\" style=\"color:#b0100b;font-size:54px\"><strong>RENO\u00adVIERUNGS<br>ARBEITEN<\/strong><\/h2>\n\n\n\n<p class=\"has-text-align-left animated backInRight\">Sie sind auf der Suche nach professioneller Unterst\u00fctzung f\u00fcr Ihr&nbsp;Renovierungsprojekt? Ob Anstricharbeiten, Tapezieren, B\u00f6den&nbsp;verlegen oder die grundlegende Aufarbeitung oder Erneuerung Ihrer&nbsp;R\u00e4ume im Gesamtpaket \u2013 fragen Sie uns jederzeit gerne an f\u00fcr Ihr individuelles und unverbindliches Angebot!<\/p>\n\n\n\n<div class=\"wp-block-buttons is-layout-flex wp-container-core-buttons-is-layout-da267d74 wp-block-buttons-is-layout-flex\">\n<div class=\"wp-block-button has-custom-width wp-block-button__width-100 is-style-primary is-style-fill animated bounceIn\"><a class=\"wp-block-button__link has-background wp-element-button\" href=\"mailto:info@haushelden-service.de?subject= Renovierung\" style=\"background-color:#b0100b\" target=\"_blank\" rel=\"noreferrer noopener\">Schreiben Sie uns<\/a><\/div>\n<\/div>\n<\/div>\n\n\n\n<div class=\"wp-block-column is-layout-flow wp-block-column-is-layout-flow\">\n<figure class=\"wp-block-image size-full is-resized animated bounceIn\"><img loading=\"lazy\" decoding=\"async\" width=\"368\" height=\"372\" src=\"https:\/\/haushelden-service.de\/wp-content\/uploads\/2024\/01\/rolle.png\" alt=\"\" class=\"wp-image-541\" style=\"aspect-ratio:1;object-fit:contain;width:466px;height:auto\" srcset=\"https:\/\/haushelden-service.de\/wp-content\/uploads\/2024\/01\/rolle.png 368w, https:\/\/haushelden-service.de\/wp-content\/uploads\/2024\/01\/rolle-297x300.png 297w\" sizes=\"auto, (max-width: 368px) 100vw, 368px\" \/><\/figure>\n<\/div>\n<\/div>\n<\/div>\n<\/div>\n\n\n\n<div class=\"wp-block-columns alignwide is-layout-flex wp-container-core-columns-is-layout-47c06fe3 wp-block-columns-is-layout-flex\">\n<div class=\"wp-block-column is-vertically-aligned-center is-layout-flow wp-block-column-is-layout-flow\">\n<h2 class=\"wp-block-heading has-text-align-center has-text-color has-link-color wp-elements-1cb384c3cafd8060ac287e46e3e2beef\" style=\"color:#b0100b\"><strong>UMFANGREICHE RENOVIERUNGSARBEITEN<\/strong><br><strong>F\u00dcR IHR ZUHAUSE<\/strong><\/h2>\n\n\n\n<div class=\"wp-block-group is-content-justification-center is-layout-constrained wp-block-group-is-layout-constrained\">\n<h3 class=\"wp-block-heading has-text-align-center\" style=\"text-transform:uppercase\"><br><strong>Renovierung, Aufarbeitung und mehr: <br>Ein neues Leben f\u00fcr Ihr Zuhause<\/strong><\/h3>\n\n\n\n<p class=\"has-text-align-center\">Die Renovierung eines Hauses oder einer Wohnung ist oft mehr als nur ein frischer Anstrich. Es geht um die Umgestaltung und Modernisierung von R\u00e4umen, um eine neue Lebensqualit\u00e4t zu schaffen. Im Folgenden erfahren Sie, wie Renovierungsdienstleistungen, Bauarbeiten und Handwerkerarbeiten Ihrem Zuhause neues Leben einhauchen k\u00f6nnen.<\/p>\n\n\n\n<h3 class=\"wp-block-heading has-text-align-center\" style=\"text-transform:uppercase\"><strong>Renovierungsschritte im \u00dcberblick<\/strong><\/h3>\n\n\n\n<p class=\"has-text-align-center\">Die Begriffe Renovierung, Aufarbeitung, Umbau und Modernisierung werden oft synonym verwendet, aber sie k\u00f6nnen verschiedene Aspekte abdecken. Hier sind einige Schritte, die im Rahmen von Renovierungsarbeiten durchgef\u00fchrt werden k\u00f6nnen:<\/p>\n\n\n\n<h4 class=\"wp-block-heading has-text-align-center\"><strong>Instandsetzung und Restaurierung: Die Basis schaffen<\/strong><\/h4>\n\n\n\n<p class=\"has-text-align-center\">Bevor mit den eigentlichen Renovierungsarbeiten begonnen wird, ist es wichtig, die Basis zu schaffen. Instandsetzungen und Restaurierungen stellen sicher, dass die Struktur und Substanz des Geb\u00e4udes intakt sind.<\/p>\n\n\n\n<h4 class=\"wp-block-heading has-text-align-center\"><strong>Renovierung im Haus: Von Anstricharbeiten <\/strong><br><strong>bis zu Bodenverlegung<\/strong><\/h4>\n\n\n\n<p class=\"has-text-align-center\">Anstricharbeiten, Tapezieren, das Verlegen von B\u00f6den \u2013 diese Arbeiten im Haus sind oft die offensichtlichsten Ver\u00e4nderungen. Sie tragen ma\u00dfgeblich zur Atmosph\u00e4re und Optik bei.<\/p>\n\n\n\n<h4 class=\"wp-block-heading has-text-align-center\"><strong>Renovierungskosten im Blick behalten<\/strong><\/h4>\n\n\n\n<p class=\"has-text-align-center\">Die Kosten f\u00fcr Renovierungsarbeiten k\u00f6nnen variieren. Faktoren wie Materialauswahl, Umfang der Arbeiten und der gew\u00e4hlte Renovierungsgrad beeinflussen die Gesamtkosten. Eine sorgf\u00e4ltige Planung und Kostensch\u00e4tzung sind entscheidend.<\/p>\n\n\n\n<h4 class=\"wp-block-heading has-text-align-center\"><strong>Renovierungsplanung: Strukturiert zum Ziel<\/strong><\/h4>\n\n\n\n<p class=\"has-text-align-center\">Eine gr\u00fcndliche Renovierungsplanung ist der Schl\u00fcssel zum Erfolg. Sie umfasst die Festlegung der Ziele, den Zeitrahmen und die Auswahl der Dienstleister.<\/p>\n\n\n\n<h4 class=\"wp-block-heading has-text-align-center\"><strong>Renovierungstipps vom Experten<\/strong><\/h4>\n\n\n\n<p class=\"has-text-align-center\">Ein Renovierungsexperte kann wertvolle Tipps geben, um das Beste aus Ihrem Projekt herauszuholen. Von der Materialauswahl bis zur effizienten Umsetzung \u2013 profitieren Sie von erfahrenen Fachleuten.<\/p>\n\n\n\n<h3 class=\"wp-block-heading has-text-align-center\"><strong>Dienstleistungen in Ihrer N\u00e4he: <\/strong><br><strong>Unsere Einsatzgebiete<\/strong><\/h3>\n\n\n\n<p class=\"has-text-align-center\">Unsere Renovierungsarbeiten bieten wir in folgenden St\u00e4dten\/Kreisst\u00e4dten an:<\/p>\n\n\n\n<p class=\"has-text-align-center\"><strong>\u2022 K\u00f6ln \u2022 Neuss \u2022 Hilden \u2022 Dormagen \u2022 Leverkusen \u2022 D\u00fcsseldorf<br>\u2022 Erkrath \u2022 Mettmann \u2022 Burscheid \u2022 Bergisch Gladbach<br>\u2022 Leichlingen \u2022 Haan \u2022 Velbert \u2022 Ratingen &#8230; und mehr<\/strong><\/p>\n\n\n\n<h2 class=\"wp-block-heading has-text-align-center\"><strong>Unverbindliches Angebot: <br>Renovieren Sie mit uns!<\/strong><\/h2>\n\n\n\n<p class=\"has-text-align-center\">Sie haben konkrete Pl\u00e4ne f\u00fcr Renovierungsarbeiten oder ben\u00f6tigen professionelle Beratung? Wir stehen Ihnen gerne zur Seite. Kontaktieren Sie uns f\u00fcr ein individuelles und unverbindliches Angebot. Lassen Sie uns gemeinsam Ihr Zuhause neu gestalten!<br><\/p>\n\n\n\n<p><\/p>\n<\/div>\n\n\n\n<div class=\"wp-block-group alignfull has-raft-fg-alt-color has-text-color has-background has-link-color wp-elements-0bd9832c0786ae8d23bfffcfd166bdbd is-layout-constrained wp-container-core-group-is-layout-87092498 wp-block-group-is-layout-constrained\" style=\"background-color:#b0100b;margin-top:0;margin-bottom:0;padding-top:var(--wp--preset--spacing--80);padding-right:var(--wp--preset--spacing--40);padding-bottom:var(--wp--preset--spacing--80);padding-left:var(--wp--preset--spacing--40)\">\n<div class=\"wp-block-group is-layout-constrained wp-container-core-group-is-layout-92b9201d wp-block-group-is-layout-constrained\">\n<p class=\"has-text-align-center has-small-font-size\" style=\"font-style:normal;font-weight:600;letter-spacing:2px;text-transform:uppercase\">HAUSHELDEN<\/p>\n\n\n\n<h2 class=\"wp-block-heading has-text-align-center has-huge-font-size\">Lieber heute als morgen, <br>schreiben Sie uns!<\/h2>\n<\/div>\n\n\n\n<div class=\"wp-block-buttons is-content-justification-center is-layout-flex wp-container-core-buttons-is-layout-a89b3969 wp-block-buttons-is-layout-flex\">\n<div class=\"wp-block-button has-custom-width wp-block-button__width-100 is-style-outline is-style-outline--1\"><a class=\"wp-block-button__link has-black-background-color has-background wp-element-button\" href=\"mailto:info@haushelden-service.de\">KLICKEN SIE JETZT F\u00dcR IHR INDIVIDUELLES ANGEBOT<\/a><\/div>\n<\/div>\n<\/div>\n<\/div>\n<\/div>\n\n\n\n<div class=\"wp-block-group alignfull has-raft-bg-alt-background-color has-background is-layout-constrained wp-container-core-group-is-layout-73eab25f wp-block-group-is-layout-constrained\" style=\"margin-top:0;margin-bottom:0;padding-top:var(--wp--preset--spacing--80);padding-right:var(--wp--preset--spacing--40);padding-bottom:var(--wp--preset--spacing--80);padding-left:var(--wp--preset--spacing--40)\">\n<div class=\"wp-block-group alignwide is-layout-flow wp-container-core-group-is-layout-19eabfb7 wp-block-group-is-layout-flow\">\n<figure class=\"wp-block-image aligncenter size-full is-resized is-style-rounded\"><img decoding=\"async\" src=\"https:\/\/haushelden-service.de\/wp-content\/themes\/raft\/assets\/img\/shape-05.svg\" alt=\"\" class=\"wp-image-287\" style=\"aspect-ratio:1;object-fit:cover;width:88px\"\/><\/figure>\n\n\n\n<p class=\"has-text-align-center has-medium-font-size\">&#8222;&#8230;schnell, zuverl\u00e4ssig und kompetent&#8230;&#8220;<\/p>\n\n\n\n<p class=\"has-text-align-center has-raft-accent-color has-text-color has-link-color has-medium-font-size wp-elements-fa402e63e59ca40a6098b2aa9dc94cdf\">\u2605 \u2605 \u2605 \u2605 \u2605<\/p>\n\n\n\n<p class=\"has-text-align-center has-small-font-size\" style=\"font-style:normal;font-weight:600;letter-spacing:2px;text-transform:uppercase\"><a href=\"https:\/\/www.google.com\/maps\/contrib\/115631333533649929437?hl=de\">Sema Beauty<\/a><\/p>\n<\/div>\n<\/div>\n\n\n\n<div class=\"wp-block-group alignfull has-raft-fg-alt-color has-raft-bg-inv-background-color has-text-color has-background has-link-color wp-elements-74da91cfe31fe5bd6d28c89665873ea2 is-layout-flow wp-container-core-group-is-layout-60ec7785 wp-block-group-is-layout-flow\" style=\"margin-top:0;margin-bottom:0;padding-top:0;padding-right:0;padding-bottom:0;padding-left:0\">\n<div class=\"wp-block-group alignfull has-raft-fg-alt-color has-text-color has-background has-link-color wp-elements-b2a6968c9fb7bfc5ed6eba08fda65b08 is-layout-constrained wp-container-core-group-is-layout-87092498 wp-block-group-is-layout-constrained\" style=\"background-color:#b0100b;margin-top:0;margin-bottom:0;padding-top:var(--wp--preset--spacing--80);padding-right:var(--wp--preset--spacing--40);padding-bottom:var(--wp--preset--spacing--80);padding-left:var(--wp--preset--spacing--40)\">\n<div class=\"wp-block-group is-layout-constrained wp-container-core-group-is-layout-92b9201d wp-block-group-is-layout-constrained\">\n<p class=\"has-text-align-center has-small-font-size\" style=\"font-style:normal;font-weight:600;letter-spacing:2px;text-transform:uppercase\">HAUSHELDEN<\/p>\n\n\n\n<h2 class=\"wp-block-heading has-text-align-center has-huge-font-size\">Entdecken Sie auch unsere anderen Dienstleistungen!<\/h2>\n<\/div>\n\n\n\n<div class=\"wp-block-buttons is-content-justification-center is-layout-flex wp-container-core-buttons-is-layout-a89b3969 wp-block-buttons-is-layout-flex\">\n<div class=\"wp-block-button has-custom-width wp-block-button__width-100 is-style-outline is-style-outline--2\"><a class=\"wp-block-button__link has-black-background-color has-background wp-element-button\" href=\"https:\/\/haushelden-service.de\/index.php\/services-page\/\">MEHR \u00dcBER UNSERE DIENSTLEISTUNGEN ERFAHREN<\/a><\/div>\n<\/div>\n<\/div>\n<\/div>\n","protected":false},"excerpt":{"rendered":"<p>RENO\u00adVIERUNGSARBEITEN Sie sind auf der Suche nach professioneller Unterst\u00fctzung f\u00fcr Ihr&nbsp;Renovierungsprojekt? Ob Anstricharbeiten, Tapezieren, B\u00f6den&nbsp;verlegen oder die grundlegende Aufarbeitung oder Erneuerung Ihrer&nbsp;R\u00e4ume im Gesamtpaket \u2013 fragen Sie uns jederzeit gerne an f\u00fcr Ihr individuelles und unverbindliches Angebot! UMFANGREICHE RENOVIERUNGSARBEITENF\u00dcR IHR ZUHAUSE Renovierung, Aufarbeitung und mehr: Ein neues Leben f\u00fcr Ihr Zuhause Die Renovierung eines Hauses [&hellip;]<\/p>\n","protected":false},"author":1,"featured_media":0,"parent":329,"menu_order":0,"comment_status":"closed","ping_status":"closed","template":"template-plain","meta":{"_themeisle_gutenberg_block_has_review":false,"footnotes":""},"class_list":["post-626","page","type-page","status-publish","hentry"],"yoast_head":"<!-- This site is optimized with the Yoast SEO plugin v27.6 - https:\/\/yoast.com\/product\/yoast-seo-wordpress\/ -->\n<title>Renovierung - Haushelden-Service<\/title>\n<meta name=\"description\" content=\"Entdecken Sie unsere umfassenden Renovierungsdienstleistungen in K\u00f6ln, D\u00fcsseldorf und angrenzenden Regionen. Wir bieten individuelle L\u00f6sungen f\u00fcr Anstricharbeiten, B\u00f6den verlegen, Renovierungskosten und mehr. Fordern Sie jetzt Ihr unverbindliches Angebot an!\" \/>\n<meta name=\"robots\" content=\"index, follow, max-snippet:-1, max-image-preview:large, max-video-preview:-1\" \/>\n<link rel=\"canonical\" href=\"https:\/\/haushelden-service.de\/index.php\/services-page\/professionelle-renovierungsarbeiten-und-bauarbeiten-in-koeln-duesseldorf-und-umgebung\/\" \/>\n<meta property=\"og:locale\" content=\"de_DE\" \/>\n<meta property=\"og:type\" content=\"article\" \/>\n<meta property=\"og:title\" content=\"Renovierung - Haushelden-Service\" \/>\n<meta property=\"og:description\" content=\"Entdecken Sie unsere umfassenden Renovierungsdienstleistungen in K\u00f6ln, D\u00fcsseldorf und angrenzenden Regionen. Wir bieten individuelle L\u00f6sungen f\u00fcr Anstricharbeiten, B\u00f6den verlegen, Renovierungskosten und mehr. Fordern Sie jetzt Ihr unverbindliches Angebot an!\" \/>\n<meta property=\"og:url\" content=\"https:\/\/haushelden-service.de\/index.php\/services-page\/professionelle-renovierungsarbeiten-und-bauarbeiten-in-koeln-duesseldorf-und-umgebung\/\" \/>\n<meta property=\"og:site_name\" content=\"Haushelden-Service\" \/>\n<meta property=\"article:modified_time\" content=\"2024-01-22T19:59:41+00:00\" \/>\n<meta property=\"og:image\" content=\"https:\/\/haushelden-service.de\/wp-content\/uploads\/2024\/01\/rolle.png\" \/>\n<meta name=\"twitter:card\" content=\"summary_large_image\" \/>\n<meta name=\"twitter:label1\" content=\"Gesch\u00e4tzte Lesezeit\" \/>\n\t<meta name=\"twitter:data1\" content=\"3\u00a0Minuten\" \/>\n<script type=\"application\/ld+json\" class=\"yoast-schema-graph\">{\"@context\":\"https:\\\/\\\/schema.org\",\"@graph\":[{\"@type\":\"WebPage\",\"@id\":\"https:\\\/\\\/haushelden-service.de\\\/index.php\\\/services-page\\\/professionelle-renovierungsarbeiten-und-bauarbeiten-in-koeln-duesseldorf-und-umgebung\\\/\",\"url\":\"https:\\\/\\\/haushelden-service.de\\\/index.php\\\/services-page\\\/professionelle-renovierungsarbeiten-und-bauarbeiten-in-koeln-duesseldorf-und-umgebung\\\/\",\"name\":\"Renovierung - Haushelden-Service\",\"isPartOf\":{\"@id\":\"https:\\\/\\\/haushelden-service.de\\\/#website\"},\"primaryImageOfPage\":{\"@id\":\"https:\\\/\\\/haushelden-service.de\\\/index.php\\\/services-page\\\/professionelle-renovierungsarbeiten-und-bauarbeiten-in-koeln-duesseldorf-und-umgebung\\\/#primaryimage\"},\"image\":{\"@id\":\"https:\\\/\\\/haushelden-service.de\\\/index.php\\\/services-page\\\/professionelle-renovierungsarbeiten-und-bauarbeiten-in-koeln-duesseldorf-und-umgebung\\\/#primaryimage\"},\"thumbnailUrl\":\"https:\\\/\\\/haushelden-service.de\\\/wp-content\\\/uploads\\\/2024\\\/01\\\/rolle.png\",\"datePublished\":\"2024-01-22T12:09:59+00:00\",\"dateModified\":\"2024-01-22T19:59:41+00:00\",\"description\":\"Entdecken Sie unsere umfassenden Renovierungsdienstleistungen in K\u00f6ln, D\u00fcsseldorf und angrenzenden Regionen. Wir bieten individuelle L\u00f6sungen f\u00fcr Anstricharbeiten, B\u00f6den verlegen, Renovierungskosten und mehr. Fordern Sie jetzt Ihr unverbindliches Angebot an!\",\"breadcrumb\":{\"@id\":\"https:\\\/\\\/haushelden-service.de\\\/index.php\\\/services-page\\\/professionelle-renovierungsarbeiten-und-bauarbeiten-in-koeln-duesseldorf-und-umgebung\\\/#breadcrumb\"},\"inLanguage\":\"de\",\"potentialAction\":[{\"@type\":\"ReadAction\",\"target\":[\"https:\\\/\\\/haushelden-service.de\\\/index.php\\\/services-page\\\/professionelle-renovierungsarbeiten-und-bauarbeiten-in-koeln-duesseldorf-und-umgebung\\\/\"]}]},{\"@type\":\"ImageObject\",\"inLanguage\":\"de\",\"@id\":\"https:\\\/\\\/haushelden-service.de\\\/index.php\\\/services-page\\\/professionelle-renovierungsarbeiten-und-bauarbeiten-in-koeln-duesseldorf-und-umgebung\\\/#primaryimage\",\"url\":\"https:\\\/\\\/haushelden-service.de\\\/wp-content\\\/uploads\\\/2024\\\/01\\\/rolle.png\",\"contentUrl\":\"https:\\\/\\\/haushelden-service.de\\\/wp-content\\\/uploads\\\/2024\\\/01\\\/rolle.png\",\"width\":368,\"height\":372},{\"@type\":\"BreadcrumbList\",\"@id\":\"https:\\\/\\\/haushelden-service.de\\\/index.php\\\/services-page\\\/professionelle-renovierungsarbeiten-und-bauarbeiten-in-koeln-duesseldorf-und-umgebung\\\/#breadcrumb\",\"itemListElement\":[{\"@type\":\"ListItem\",\"position\":1,\"name\":\"Startseite\",\"item\":\"https:\\\/\\\/haushelden-service.de\\\/\"},{\"@type\":\"ListItem\",\"position\":2,\"name\":\"UNSER ANGEBOT F\u00dcR SIE IM \u00dcBERBLICK\",\"item\":\"https:\\\/\\\/haushelden-service.de\\\/index.php\\\/services-page\\\/\"},{\"@type\":\"ListItem\",\"position\":3,\"name\":\"Renovierung\"}]},{\"@type\":\"WebSite\",\"@id\":\"https:\\\/\\\/haushelden-service.de\\\/#website\",\"url\":\"https:\\\/\\\/haushelden-service.de\\\/\",\"name\":\"Haushelden-Service\",\"description\":\"Ihr kompetenter Partner f\u00fcr alles rund ums Haus\",\"publisher\":{\"@id\":\"https:\\\/\\\/haushelden-service.de\\\/#organization\"},\"potentialAction\":[{\"@type\":\"SearchAction\",\"target\":{\"@type\":\"EntryPoint\",\"urlTemplate\":\"https:\\\/\\\/haushelden-service.de\\\/?s={search_term_string}\"},\"query-input\":{\"@type\":\"PropertyValueSpecification\",\"valueRequired\":true,\"valueName\":\"search_term_string\"}}],\"inLanguage\":\"de\"},{\"@type\":\"Organization\",\"@id\":\"https:\\\/\\\/haushelden-service.de\\\/#organization\",\"name\":\"Haushelden-Service\",\"url\":\"https:\\\/\\\/haushelden-service.de\\\/\",\"logo\":{\"@type\":\"ImageObject\",\"inLanguage\":\"de\",\"@id\":\"https:\\\/\\\/haushelden-service.de\\\/#\\\/schema\\\/logo\\\/image\\\/\",\"url\":\"https:\\\/\\\/haushelden-service.de\\\/wp-content\\\/uploads\\\/2024\\\/01\\\/01_Haushelden_logo_FINAL_2024.png\",\"contentUrl\":\"https:\\\/\\\/haushelden-service.de\\\/wp-content\\\/uploads\\\/2024\\\/01\\\/01_Haushelden_logo_FINAL_2024.png\",\"width\":2210,\"height\":1212,\"caption\":\"Haushelden-Service\"},\"image\":{\"@id\":\"https:\\\/\\\/haushelden-service.de\\\/#\\\/schema\\\/logo\\\/image\\\/\"},\"sameAs\":[\"https:\\\/\\\/www.instagram.com\\\/haushelden_service\\\/\"]}]}<\/script>\n<!-- \/ Yoast SEO plugin. -->","yoast_head_json":{"title":"Renovierung - Haushelden-Service","description":"Entdecken Sie unsere umfassenden Renovierungsdienstleistungen in K\u00f6ln, D\u00fcsseldorf und angrenzenden Regionen. Wir bieten individuelle L\u00f6sungen f\u00fcr Anstricharbeiten, B\u00f6den verlegen, Renovierungskosten und mehr. Fordern Sie jetzt Ihr unverbindliches Angebot an!","robots":{"index":"index","follow":"follow","max-snippet":"max-snippet:-1","max-image-preview":"max-image-preview:large","max-video-preview":"max-video-preview:-1"},"canonical":"https:\/\/haushelden-service.de\/index.php\/services-page\/professionelle-renovierungsarbeiten-und-bauarbeiten-in-koeln-duesseldorf-und-umgebung\/","og_locale":"de_DE","og_type":"article","og_title":"Renovierung - Haushelden-Service","og_description":"Entdecken Sie unsere umfassenden Renovierungsdienstleistungen in K\u00f6ln, D\u00fcsseldorf und angrenzenden Regionen. Wir bieten individuelle L\u00f6sungen f\u00fcr Anstricharbeiten, B\u00f6den verlegen, Renovierungskosten und mehr. Fordern Sie jetzt Ihr unverbindliches Angebot an!","og_url":"https:\/\/haushelden-service.de\/index.php\/services-page\/professionelle-renovierungsarbeiten-und-bauarbeiten-in-koeln-duesseldorf-und-umgebung\/","og_site_name":"Haushelden-Service","article_modified_time":"2024-01-22T19:59:41+00:00","og_image":[{"url":"https:\/\/haushelden-service.de\/wp-content\/uploads\/2024\/01\/rolle.png","type":"","width":"","height":""}],"twitter_card":"summary_large_image","twitter_misc":{"Gesch\u00e4tzte Lesezeit":"3\u00a0Minuten"},"schema":{"@context":"https:\/\/schema.org","@graph":[{"@type":"WebPage","@id":"https:\/\/haushelden-service.de\/index.php\/services-page\/professionelle-renovierungsarbeiten-und-bauarbeiten-in-koeln-duesseldorf-und-umgebung\/","url":"https:\/\/haushelden-service.de\/index.php\/services-page\/professionelle-renovierungsarbeiten-und-bauarbeiten-in-koeln-duesseldorf-und-umgebung\/","name":"Renovierung - Haushelden-Service","isPartOf":{"@id":"https:\/\/haushelden-service.de\/#website"},"primaryImageOfPage":{"@id":"https:\/\/haushelden-service.de\/index.php\/services-page\/professionelle-renovierungsarbeiten-und-bauarbeiten-in-koeln-duesseldorf-und-umgebung\/#primaryimage"},"image":{"@id":"https:\/\/haushelden-service.de\/index.php\/services-page\/professionelle-renovierungsarbeiten-und-bauarbeiten-in-koeln-duesseldorf-und-umgebung\/#primaryimage"},"thumbnailUrl":"https:\/\/haushelden-service.de\/wp-content\/uploads\/2024\/01\/rolle.png","datePublished":"2024-01-22T12:09:59+00:00","dateModified":"2024-01-22T19:59:41+00:00","description":"Entdecken Sie unsere umfassenden Renovierungsdienstleistungen in K\u00f6ln, D\u00fcsseldorf und angrenzenden Regionen. Wir bieten individuelle L\u00f6sungen f\u00fcr Anstricharbeiten, B\u00f6den verlegen, Renovierungskosten und mehr. Fordern Sie jetzt Ihr unverbindliches Angebot an!","breadcrumb":{"@id":"https:\/\/haushelden-service.de\/index.php\/services-page\/professionelle-renovierungsarbeiten-und-bauarbeiten-in-koeln-duesseldorf-und-umgebung\/#breadcrumb"},"inLanguage":"de","potentialAction":[{"@type":"ReadAction","target":["https:\/\/haushelden-service.de\/index.php\/services-page\/professionelle-renovierungsarbeiten-und-bauarbeiten-in-koeln-duesseldorf-und-umgebung\/"]}]},{"@type":"ImageObject","inLanguage":"de","@id":"https:\/\/haushelden-service.de\/index.php\/services-page\/professionelle-renovierungsarbeiten-und-bauarbeiten-in-koeln-duesseldorf-und-umgebung\/#primaryimage","url":"https:\/\/haushelden-service.de\/wp-content\/uploads\/2024\/01\/rolle.png","contentUrl":"https:\/\/haushelden-service.de\/wp-content\/uploads\/2024\/01\/rolle.png","width":368,"height":372},{"@type":"BreadcrumbList","@id":"https:\/\/haushelden-service.de\/index.php\/services-page\/professionelle-renovierungsarbeiten-und-bauarbeiten-in-koeln-duesseldorf-und-umgebung\/#breadcrumb","itemListElement":[{"@type":"ListItem","position":1,"name":"Startseite","item":"https:\/\/haushelden-service.de\/"},{"@type":"ListItem","position":2,"name":"UNSER ANGEBOT F\u00dcR SIE IM \u00dcBERBLICK","item":"https:\/\/haushelden-service.de\/index.php\/services-page\/"},{"@type":"ListItem","position":3,"name":"Renovierung"}]},{"@type":"WebSite","@id":"https:\/\/haushelden-service.de\/#website","url":"https:\/\/haushelden-service.de\/","name":"Haushelden-Service","description":"Ihr kompetenter Partner f\u00fcr alles rund ums Haus","publisher":{"@id":"https:\/\/haushelden-service.de\/#organization"},"potentialAction":[{"@type":"SearchAction","target":{"@type":"EntryPoint","urlTemplate":"https:\/\/haushelden-service.de\/?s={search_term_string}"},"query-input":{"@type":"PropertyValueSpecification","valueRequired":true,"valueName":"search_term_string"}}],"inLanguage":"de"},{"@type":"Organization","@id":"https:\/\/haushelden-service.de\/#organization","name":"Haushelden-Service","url":"https:\/\/haushelden-service.de\/","logo":{"@type":"ImageObject","inLanguage":"de","@id":"https:\/\/haushelden-service.de\/#\/schema\/logo\/image\/","url":"https:\/\/haushelden-service.de\/wp-content\/uploads\/2024\/01\/01_Haushelden_logo_FINAL_2024.png","contentUrl":"https:\/\/haushelden-service.de\/wp-content\/uploads\/2024\/01\/01_Haushelden_logo_FINAL_2024.png","width":2210,"height":1212,"caption":"Haushelden-Service"},"image":{"@id":"https:\/\/haushelden-service.de\/#\/schema\/logo\/image\/"},"sameAs":["https:\/\/www.instagram.com\/haushelden_service\/"]}]}},"_links":{"self":[{"href":"https:\/\/haushelden-service.de\/index.php\/wp-json\/wp\/v2\/pages\/626","targetHints":{"allow":["GET"]}}],"collection":[{"href":"https:\/\/haushelden-service.de\/index.php\/wp-json\/wp\/v2\/pages"}],"about":[{"href":"https:\/\/haushelden-service.de\/index.php\/wp-json\/wp\/v2\/types\/page"}],"author":[{"embeddable":true,"href":"https:\/\/haushelden-service.de\/index.php\/wp-json\/wp\/v2\/users\/1"}],"replies":[{"embeddable":true,"href":"https:\/\/haushelden-service.de\/index.php\/wp-json\/wp\/v2\/comments?post=626"}],"version-history":[{"count":29,"href":"https:\/\/haushelden-service.de\/index.php\/wp-json\/wp\/v2\/pages\/626\/revisions"}],"predecessor-version":[{"id":780,"href":"https:\/\/haushelden-service.de\/index.php\/wp-json\/wp\/v2\/pages\/626\/revisions\/780"}],"up":[{"embeddable":true,"href":"https:\/\/haushelden-service.de\/index.php\/wp-json\/wp\/v2\/pages\/329"}],"wp:attachment":[{"href":"https:\/\/haushelden-service.de\/index.php\/wp-json\/wp\/v2\/media?parent=626"}],"curies":[{"name":"wp","href":"https:\/\/api.w.org\/{rel}","templated":true}]}}