{"id":643,"date":"2024-01-22T13:46:23","date_gmt":"2024-01-22T12:46:23","guid":{"rendered":"https:\/\/www.haushelden-service.de\/?page_id=643"},"modified":"2024-01-22T20:57:33","modified_gmt":"2024-01-22T19:57:33","slug":"haus-service-in-koeln-und-umgebung-professionelle-immobilienpflege-und-gebaeudeservice","status":"publish","type":"page","link":"https:\/\/haushelden-service.de\/index.php\/services-page\/haus-service-in-koeln-und-umgebung-professionelle-immobilienpflege-und-gebaeudeservice\/","title":{"rendered":"Haus-Service"},"content":{"rendered":"\n<div class=\"wp-block-group alignfull has-raft-bg-alt-background-color has-background is-layout-constrained wp-container-core-group-is-layout-c2b63da3 wp-block-group-is-layout-constrained\" style=\"margin-top:0px;margin-bottom:0px;padding-top:var(--wp--preset--spacing--80);padding-right:var(--wp--preset--spacing--40);padding-bottom:var(--wp--preset--spacing--80);padding-left:var(--wp--preset--spacing--40)\">\n<div class=\"wp-block-group alignwide is-layout-flow wp-block-group-is-layout-flow\">\n<div class=\"wp-block-columns is-layout-flex wp-container-core-columns-is-layout-28f84493 wp-block-columns-is-layout-flex\">\n<div class=\"wp-block-column is-vertically-aligned-center is-layout-flow wp-block-column-is-layout-flow\">\n<h2 class=\"wp-block-heading has-text-align-left animated backInLeft has-text-color has-link-color has-huge-font-size wp-elements-4c554c2e898e7025971de885cba7f077\" style=\"color:#b0100b\"><strong><strong>HAUS-SERVICE<\/strong><\/strong><\/h2>\n\n\n\n<p class=\"has-text-align-left animated backInRight\">Sie m\u00f6chten im Haus\/der Wohnung etwas erneuern, ausbessern oder tauschen? Dann fragen Sie uns auch hier gerne jederzeit an!<\/p>\n\n\n\n<div class=\"wp-block-buttons is-layout-flex wp-container-core-buttons-is-layout-da267d74 wp-block-buttons-is-layout-flex\">\n<div class=\"wp-block-button has-custom-width wp-block-button__width-100 is-style-primary is-style-fill animated bounceIn\"><a class=\"wp-block-button__link has-background wp-element-button\" href=\"mailto:info@haushelden-service.de?subject=Haus-Service\" style=\"background-color:#b0100b\" target=\"_blank\" rel=\"noreferrer noopener\">Schreiben Sie uns<\/a><\/div>\n<\/div>\n<\/div>\n\n\n\n<div class=\"wp-block-column is-layout-flow wp-block-column-is-layout-flow\">\n<figure class=\"wp-block-image size-full is-resized animated bounceIn\"><img loading=\"lazy\" decoding=\"async\" width=\"368\" height=\"372\" src=\"https:\/\/haushelden-service.de\/wp-content\/uploads\/2024\/01\/hammer.png\" alt=\"\" class=\"wp-image-538\" style=\"aspect-ratio:1;object-fit:contain;width:467px;height:auto\" srcset=\"https:\/\/haushelden-service.de\/wp-content\/uploads\/2024\/01\/hammer.png 368w, https:\/\/haushelden-service.de\/wp-content\/uploads\/2024\/01\/hammer-297x300.png 297w\" sizes=\"auto, (max-width: 368px) 100vw, 368px\" \/><\/figure>\n<\/div>\n<\/div>\n<\/div>\n<\/div>\n\n\n\n<div class=\"wp-block-group alignwide is-layout-constrained wp-block-group-is-layout-constrained\">\n<div class=\"wp-block-columns alignwide is-layout-flex wp-container-core-columns-is-layout-47c06fe3 wp-block-columns-is-layout-flex\">\n<div class=\"wp-block-column is-vertically-aligned-center is-layout-flow wp-block-column-is-layout-flow\">\n<h2 class=\"wp-block-heading has-text-align-center has-raft-bg-background-color has-text-color has-background has-link-color wp-elements-fbdef90007784f874cfb94b12d355d02\" style=\"color:#b0100b;padding-top:0;padding-right:0;padding-bottom:0;padding-left:0;text-transform:uppercase\"><strong>Haus-Service in IHRER Umgebung &#8211; <\/strong><br><strong>Alles f\u00fcr Ihre Immobilienpflege<\/strong><\/h2>\n\n\n\n<h3 class=\"wp-block-heading has-text-align-center\" style=\"text-transform:uppercase\"><br><strong>Haus-Service: Rundum-Betreuung f\u00fcr Ihr Zuhause<\/strong><\/h3>\n\n\n\n<p class=\"has-text-align-center\">Ein Haus zu besitzen oder zu verwalten erfordert kontinuierliche Pflege und Instandhaltung. <br>Hausbetreuung, Geb\u00e4ude-Service und viele weitere Dienstleistungen im Bereich Immobilienpflege und Facility Management umfassen unser Angebot.<\/p>\n\n\n\n<h3 class=\"wp-block-heading has-text-align-center\" style=\"text-transform:uppercase\"><strong>Unsere Haus-Serviceleistungen im \u00dcberblick<\/strong><\/h3>\n\n\n\n<h4 class=\"wp-block-heading has-text-align-center\"><strong>Hausbetreuung: Pers\u00f6nliche F\u00fcrsorge f\u00fcr Ihr Zuhause<\/strong><\/h4>\n\n\n\n<p class=\"has-text-align-center\">Unsere Hausbetreuung umfasst eine pers\u00f6nliche Betreuung Ihres Hauses. <br>Wir k\u00fcmmern uns um alle Belange rund um Ihr Zuhause.<\/p>\n\n\n\n<h4 class=\"wp-block-heading has-text-align-center\"><strong>Geb\u00e4ude-Service: Professionelle Pflege<\/strong><\/h4>\n\n\n\n<p class=\"has-text-align-center\">Unser Geb\u00e4ude-Service bietet professionelle Pflege von Geb\u00e4uden. Von der Reinigung bis zu <br>Reparaturarbeiten sorgen wir daf\u00fcr, dass Ihr Geb\u00e4ude immer in bestem Zustand ist.<\/p>\n\n\n\n<h3 class=\"wp-block-heading has-text-align-center\"><strong>Unsere Einsatzgebiete<\/strong>:<\/h3>\n\n\n\n<p class=\"has-text-align-center\">Unsere Haus-Service-Leistungen bieten wir in folgenden St\u00e4dten\/Kreisst\u00e4dten:<br><br><strong>\u2022 K\u00f6ln \u2022 Neuss \u2022 Hilden \u2022 Dormagen \u2022 Leverkusen \u2022 D\u00fcsseldorf<br>\u2022 Erkrath \u2022 Mettmann \u2022 Burscheid \u2022 Bergisch Gladbach<br>\u2022 Leichlingen \u2022 Haan \u2022 Velbert \u2022 Ratingen \u2026 und mehr<\/strong><\/p>\n\n\n\n<h2 class=\"wp-block-heading has-text-align-center\"><strong>Kontaktieren Sie uns f\u00fcr Ihre Immobilienpflege!<\/strong><\/h2>\n\n\n\n<p class=\"has-text-align-center\">Unsere Dienstleistungen sind darauf ausgerichtet, Ihnen eine umfassende und professionelle Betreuung Ihrer Immobilie zu bieten. Kontaktieren Sie uns f\u00fcr ein individuelles Angebot und lassen Sie uns gemeinsam daf\u00fcr sorgen, dass Ihr Zuhause immer in bestem Zustand ist.<br><\/p>\n\n\n\n<p><\/p>\n\n\n\n<div class=\"wp-block-group alignfull has-raft-fg-alt-color has-text-color has-background has-link-color wp-elements-0bd9832c0786ae8d23bfffcfd166bdbd is-layout-constrained wp-container-core-group-is-layout-87092498 wp-block-group-is-layout-constrained\" style=\"background-color:#b0100b;margin-top:0;margin-bottom:0;padding-top:var(--wp--preset--spacing--80);padding-right:var(--wp--preset--spacing--40);padding-bottom:var(--wp--preset--spacing--80);padding-left:var(--wp--preset--spacing--40)\">\n<div class=\"wp-block-group is-layout-constrained wp-container-core-group-is-layout-92b9201d wp-block-group-is-layout-constrained\">\n<p class=\"has-text-align-center has-small-font-size\" style=\"font-style:normal;font-weight:600;letter-spacing:2px;text-transform:uppercase\">HAUSHELDEN<\/p>\n\n\n\n<h2 class=\"wp-block-heading has-text-align-center has-huge-font-size\">Lieber heute als morgen, <br>schreiben Sie uns!<\/h2>\n<\/div>\n\n\n\n<div class=\"wp-block-buttons is-content-justification-center is-layout-flex wp-container-core-buttons-is-layout-a89b3969 wp-block-buttons-is-layout-flex\">\n<div class=\"wp-block-button has-custom-width wp-block-button__width-100 is-style-outline is-style-outline--1\"><a class=\"wp-block-button__link has-black-background-color has-background wp-element-button\" href=\"mailto:info@haushelden-service.de\">KLICKEN SIE JETZT F\u00dcR IHR INDIVIDUELLES ANGEBOT<\/a><\/div>\n<\/div>\n<\/div>\n<\/div>\n<\/div>\n<\/div>\n\n\n\n<div class=\"wp-block-group alignfull has-raft-bg-alt-background-color has-background is-layout-constrained wp-container-core-group-is-layout-73eab25f wp-block-group-is-layout-constrained\" style=\"margin-top:0;margin-bottom:0;padding-top:var(--wp--preset--spacing--80);padding-right:var(--wp--preset--spacing--40);padding-bottom:var(--wp--preset--spacing--80);padding-left:var(--wp--preset--spacing--40)\">\n<div class=\"wp-block-group alignwide is-layout-flow wp-container-core-group-is-layout-19eabfb7 wp-block-group-is-layout-flow\">\n<figure class=\"wp-block-image aligncenter size-full is-resized is-style-rounded\"><img decoding=\"async\" src=\"https:\/\/haushelden-service.de\/wp-content\/themes\/raft\/assets\/img\/shape-05.svg\" alt=\"\" class=\"wp-image-287\" style=\"aspect-ratio:1;object-fit:cover;width:88px\"\/><\/figure>\n\n\n\n<p class=\"has-text-align-center has-medium-font-size\">&#8222;&#8230;schnell, zuverl\u00e4ssig und kompetent&#8230;&#8220;<\/p>\n\n\n\n<p class=\"has-text-align-center has-raft-accent-color has-text-color has-link-color has-medium-font-size wp-elements-fa402e63e59ca40a6098b2aa9dc94cdf\">\u2605 \u2605 \u2605 \u2605 \u2605<\/p>\n\n\n\n<p class=\"has-text-align-center has-small-font-size\" style=\"font-style:normal;font-weight:600;letter-spacing:2px;text-transform:uppercase\"><a href=\"https:\/\/www.google.com\/maps\/contrib\/115631333533649929437?hl=de\">Sema Beauty<\/a><\/p>\n<\/div>\n<\/div>\n\n\n\n<div class=\"wp-block-group alignfull has-raft-fg-alt-color has-raft-bg-inv-background-color has-text-color has-background has-link-color wp-elements-74da91cfe31fe5bd6d28c89665873ea2 is-layout-flow wp-container-core-group-is-layout-60ec7785 wp-block-group-is-layout-flow\" style=\"margin-top:0;margin-bottom:0;padding-top:0;padding-right:0;padding-bottom:0;padding-left:0\">\n<div class=\"wp-block-group alignfull has-raft-fg-alt-color has-text-color has-background has-link-color wp-elements-b2a6968c9fb7bfc5ed6eba08fda65b08 is-layout-constrained wp-container-core-group-is-layout-87092498 wp-block-group-is-layout-constrained\" style=\"background-color:#b0100b;margin-top:0;margin-bottom:0;padding-top:var(--wp--preset--spacing--80);padding-right:var(--wp--preset--spacing--40);padding-bottom:var(--wp--preset--spacing--80);padding-left:var(--wp--preset--spacing--40)\">\n<div class=\"wp-block-group is-layout-constrained wp-container-core-group-is-layout-92b9201d wp-block-group-is-layout-constrained\">\n<p class=\"has-text-align-center has-small-font-size\" style=\"font-style:normal;font-weight:600;letter-spacing:2px;text-transform:uppercase\">HAUSHELDEN<\/p>\n\n\n\n<h2 class=\"wp-block-heading has-text-align-center has-huge-font-size\">Entdecken Sie auch unsere anderen Dienstleistungen!<\/h2>\n<\/div>\n\n\n\n<div class=\"wp-block-buttons is-content-justification-center is-layout-flex wp-container-core-buttons-is-layout-a89b3969 wp-block-buttons-is-layout-flex\">\n<div class=\"wp-block-button has-custom-width wp-block-button__width-100 is-style-outline is-style-outline--2\"><a class=\"wp-block-button__link has-black-background-color has-background wp-element-button\" href=\"https:\/\/haushelden-service.de\/index.php\/services-page\/\">MEHR \u00dcBER UNSERE DIENSTLEISTUNGEN ERFAHREN<\/a><\/div>\n<\/div>\n<\/div>\n<\/div>\n","protected":false},"excerpt":{"rendered":"<p>HAUS-SERVICE Sie m\u00f6chten im Haus\/der Wohnung etwas erneuern, ausbessern oder tauschen? Dann fragen Sie uns auch hier gerne jederzeit an! Haus-Service in IHRER Umgebung &#8211; Alles f\u00fcr Ihre Immobilienpflege Haus-Service: Rundum-Betreuung f\u00fcr Ihr Zuhause Ein Haus zu besitzen oder zu verwalten erfordert kontinuierliche Pflege und Instandhaltung. Hausbetreuung, Geb\u00e4ude-Service und viele weitere Dienstleistungen im Bereich Immobilienpflege [&hellip;]<\/p>\n","protected":false},"author":1,"featured_media":0,"parent":329,"menu_order":0,"comment_status":"closed","ping_status":"closed","template":"template-plain","meta":{"_themeisle_gutenberg_block_has_review":false,"footnotes":""},"class_list":["post-643","page","type-page","status-publish","hentry"],"yoast_head":"<!-- This site is optimized with the Yoast SEO plugin v27.6 - https:\/\/yoast.com\/product\/yoast-seo-wordpress\/ -->\n<title>Haus-Service - Haushelden-Service<\/title>\n<meta name=\"description\" content=\"Entdecken Sie unseren Haus-Service in K\u00f6ln, Neuss und weiteren Regionen. Von Hausbetreuung bis zu Haushaltsdienstleistungen bieten wir professionelle Immobilienpflege. Kontaktieren Sie uns f\u00fcr ein individuelles Angebot!\" \/>\n<meta name=\"robots\" content=\"index, follow, max-snippet:-1, max-image-preview:large, max-video-preview:-1\" \/>\n<link rel=\"canonical\" href=\"https:\/\/haushelden-service.de\/index.php\/services-page\/haus-service-in-koeln-und-umgebung-professionelle-immobilienpflege-und-gebaeudeservice\/\" \/>\n<meta property=\"og:locale\" content=\"de_DE\" \/>\n<meta property=\"og:type\" content=\"article\" \/>\n<meta property=\"og:title\" content=\"Haus-Service - Haushelden-Service\" \/>\n<meta property=\"og:description\" content=\"Entdecken Sie unseren Haus-Service in K\u00f6ln, Neuss und weiteren Regionen. Von Hausbetreuung bis zu Haushaltsdienstleistungen bieten wir professionelle Immobilienpflege. Kontaktieren Sie uns f\u00fcr ein individuelles Angebot!\" \/>\n<meta property=\"og:url\" content=\"https:\/\/haushelden-service.de\/index.php\/services-page\/haus-service-in-koeln-und-umgebung-professionelle-immobilienpflege-und-gebaeudeservice\/\" \/>\n<meta property=\"og:site_name\" content=\"Haushelden-Service\" \/>\n<meta property=\"article:modified_time\" content=\"2024-01-22T19:57:33+00:00\" \/>\n<meta property=\"og:image\" content=\"https:\/\/haushelden-service.de\/wp-content\/uploads\/2024\/01\/hammer.png\" \/>\n<meta name=\"twitter:card\" content=\"summary_large_image\" \/>\n<meta name=\"twitter:label1\" content=\"Gesch\u00e4tzte Lesezeit\" \/>\n\t<meta name=\"twitter:data1\" content=\"3\u00a0Minuten\" \/>\n<script type=\"application\/ld+json\" class=\"yoast-schema-graph\">{\"@context\":\"https:\\\/\\\/schema.org\",\"@graph\":[{\"@type\":\"WebPage\",\"@id\":\"https:\\\/\\\/haushelden-service.de\\\/index.php\\\/services-page\\\/haus-service-in-koeln-und-umgebung-professionelle-immobilienpflege-und-gebaeudeservice\\\/\",\"url\":\"https:\\\/\\\/haushelden-service.de\\\/index.php\\\/services-page\\\/haus-service-in-koeln-und-umgebung-professionelle-immobilienpflege-und-gebaeudeservice\\\/\",\"name\":\"Haus-Service - Haushelden-Service\",\"isPartOf\":{\"@id\":\"https:\\\/\\\/haushelden-service.de\\\/#website\"},\"primaryImageOfPage\":{\"@id\":\"https:\\\/\\\/haushelden-service.de\\\/index.php\\\/services-page\\\/haus-service-in-koeln-und-umgebung-professionelle-immobilienpflege-und-gebaeudeservice\\\/#primaryimage\"},\"image\":{\"@id\":\"https:\\\/\\\/haushelden-service.de\\\/index.php\\\/services-page\\\/haus-service-in-koeln-und-umgebung-professionelle-immobilienpflege-und-gebaeudeservice\\\/#primaryimage\"},\"thumbnailUrl\":\"https:\\\/\\\/haushelden-service.de\\\/wp-content\\\/uploads\\\/2024\\\/01\\\/hammer.png\",\"datePublished\":\"2024-01-22T12:46:23+00:00\",\"dateModified\":\"2024-01-22T19:57:33+00:00\",\"description\":\"Entdecken Sie unseren Haus-Service in K\u00f6ln, Neuss und weiteren Regionen. Von Hausbetreuung bis zu Haushaltsdienstleistungen bieten wir professionelle Immobilienpflege. Kontaktieren Sie uns f\u00fcr ein individuelles Angebot!\",\"breadcrumb\":{\"@id\":\"https:\\\/\\\/haushelden-service.de\\\/index.php\\\/services-page\\\/haus-service-in-koeln-und-umgebung-professionelle-immobilienpflege-und-gebaeudeservice\\\/#breadcrumb\"},\"inLanguage\":\"de\",\"potentialAction\":[{\"@type\":\"ReadAction\",\"target\":[\"https:\\\/\\\/haushelden-service.de\\\/index.php\\\/services-page\\\/haus-service-in-koeln-und-umgebung-professionelle-immobilienpflege-und-gebaeudeservice\\\/\"]}]},{\"@type\":\"ImageObject\",\"inLanguage\":\"de\",\"@id\":\"https:\\\/\\\/haushelden-service.de\\\/index.php\\\/services-page\\\/haus-service-in-koeln-und-umgebung-professionelle-immobilienpflege-und-gebaeudeservice\\\/#primaryimage\",\"url\":\"https:\\\/\\\/haushelden-service.de\\\/wp-content\\\/uploads\\\/2024\\\/01\\\/hammer.png\",\"contentUrl\":\"https:\\\/\\\/haushelden-service.de\\\/wp-content\\\/uploads\\\/2024\\\/01\\\/hammer.png\",\"width\":368,\"height\":372},{\"@type\":\"BreadcrumbList\",\"@id\":\"https:\\\/\\\/haushelden-service.de\\\/index.php\\\/services-page\\\/haus-service-in-koeln-und-umgebung-professionelle-immobilienpflege-und-gebaeudeservice\\\/#breadcrumb\",\"itemListElement\":[{\"@type\":\"ListItem\",\"position\":1,\"name\":\"Startseite\",\"item\":\"https:\\\/\\\/haushelden-service.de\\\/\"},{\"@type\":\"ListItem\",\"position\":2,\"name\":\"UNSER ANGEBOT F\u00dcR SIE IM \u00dcBERBLICK\",\"item\":\"https:\\\/\\\/haushelden-service.de\\\/index.php\\\/services-page\\\/\"},{\"@type\":\"ListItem\",\"position\":3,\"name\":\"Haus-Service\"}]},{\"@type\":\"WebSite\",\"@id\":\"https:\\\/\\\/haushelden-service.de\\\/#website\",\"url\":\"https:\\\/\\\/haushelden-service.de\\\/\",\"name\":\"Haushelden-Service\",\"description\":\"Ihr kompetenter Partner f\u00fcr alles rund ums Haus\",\"publisher\":{\"@id\":\"https:\\\/\\\/haushelden-service.de\\\/#organization\"},\"potentialAction\":[{\"@type\":\"SearchAction\",\"target\":{\"@type\":\"EntryPoint\",\"urlTemplate\":\"https:\\\/\\\/haushelden-service.de\\\/?s={search_term_string}\"},\"query-input\":{\"@type\":\"PropertyValueSpecification\",\"valueRequired\":true,\"valueName\":\"search_term_string\"}}],\"inLanguage\":\"de\"},{\"@type\":\"Organization\",\"@id\":\"https:\\\/\\\/haushelden-service.de\\\/#organization\",\"name\":\"Haushelden-Service\",\"url\":\"https:\\\/\\\/haushelden-service.de\\\/\",\"logo\":{\"@type\":\"ImageObject\",\"inLanguage\":\"de\",\"@id\":\"https:\\\/\\\/haushelden-service.de\\\/#\\\/schema\\\/logo\\\/image\\\/\",\"url\":\"https:\\\/\\\/haushelden-service.de\\\/wp-content\\\/uploads\\\/2024\\\/01\\\/01_Haushelden_logo_FINAL_2024.png\",\"contentUrl\":\"https:\\\/\\\/haushelden-service.de\\\/wp-content\\\/uploads\\\/2024\\\/01\\\/01_Haushelden_logo_FINAL_2024.png\",\"width\":2210,\"height\":1212,\"caption\":\"Haushelden-Service\"},\"image\":{\"@id\":\"https:\\\/\\\/haushelden-service.de\\\/#\\\/schema\\\/logo\\\/image\\\/\"},\"sameAs\":[\"https:\\\/\\\/www.instagram.com\\\/haushelden_service\\\/\"]}]}<\/script>\n<!-- \/ Yoast SEO plugin. -->","yoast_head_json":{"title":"Haus-Service - Haushelden-Service","description":"Entdecken Sie unseren Haus-Service in K\u00f6ln, Neuss und weiteren Regionen. Von Hausbetreuung bis zu Haushaltsdienstleistungen bieten wir professionelle Immobilienpflege. Kontaktieren Sie uns f\u00fcr ein individuelles Angebot!","robots":{"index":"index","follow":"follow","max-snippet":"max-snippet:-1","max-image-preview":"max-image-preview:large","max-video-preview":"max-video-preview:-1"},"canonical":"https:\/\/haushelden-service.de\/index.php\/services-page\/haus-service-in-koeln-und-umgebung-professionelle-immobilienpflege-und-gebaeudeservice\/","og_locale":"de_DE","og_type":"article","og_title":"Haus-Service - Haushelden-Service","og_description":"Entdecken Sie unseren Haus-Service in K\u00f6ln, Neuss und weiteren Regionen. Von Hausbetreuung bis zu Haushaltsdienstleistungen bieten wir professionelle Immobilienpflege. Kontaktieren Sie uns f\u00fcr ein individuelles Angebot!","og_url":"https:\/\/haushelden-service.de\/index.php\/services-page\/haus-service-in-koeln-und-umgebung-professionelle-immobilienpflege-und-gebaeudeservice\/","og_site_name":"Haushelden-Service","article_modified_time":"2024-01-22T19:57:33+00:00","og_image":[{"url":"https:\/\/haushelden-service.de\/wp-content\/uploads\/2024\/01\/hammer.png","type":"","width":"","height":""}],"twitter_card":"summary_large_image","twitter_misc":{"Gesch\u00e4tzte Lesezeit":"3\u00a0Minuten"},"schema":{"@context":"https:\/\/schema.org","@graph":[{"@type":"WebPage","@id":"https:\/\/haushelden-service.de\/index.php\/services-page\/haus-service-in-koeln-und-umgebung-professionelle-immobilienpflege-und-gebaeudeservice\/","url":"https:\/\/haushelden-service.de\/index.php\/services-page\/haus-service-in-koeln-und-umgebung-professionelle-immobilienpflege-und-gebaeudeservice\/","name":"Haus-Service - Haushelden-Service","isPartOf":{"@id":"https:\/\/haushelden-service.de\/#website"},"primaryImageOfPage":{"@id":"https:\/\/haushelden-service.de\/index.php\/services-page\/haus-service-in-koeln-und-umgebung-professionelle-immobilienpflege-und-gebaeudeservice\/#primaryimage"},"image":{"@id":"https:\/\/haushelden-service.de\/index.php\/services-page\/haus-service-in-koeln-und-umgebung-professionelle-immobilienpflege-und-gebaeudeservice\/#primaryimage"},"thumbnailUrl":"https:\/\/haushelden-service.de\/wp-content\/uploads\/2024\/01\/hammer.png","datePublished":"2024-01-22T12:46:23+00:00","dateModified":"2024-01-22T19:57:33+00:00","description":"Entdecken Sie unseren Haus-Service in K\u00f6ln, Neuss und weiteren Regionen. Von Hausbetreuung bis zu Haushaltsdienstleistungen bieten wir professionelle Immobilienpflege. Kontaktieren Sie uns f\u00fcr ein individuelles Angebot!","breadcrumb":{"@id":"https:\/\/haushelden-service.de\/index.php\/services-page\/haus-service-in-koeln-und-umgebung-professionelle-immobilienpflege-und-gebaeudeservice\/#breadcrumb"},"inLanguage":"de","potentialAction":[{"@type":"ReadAction","target":["https:\/\/haushelden-service.de\/index.php\/services-page\/haus-service-in-koeln-und-umgebung-professionelle-immobilienpflege-und-gebaeudeservice\/"]}]},{"@type":"ImageObject","inLanguage":"de","@id":"https:\/\/haushelden-service.de\/index.php\/services-page\/haus-service-in-koeln-und-umgebung-professionelle-immobilienpflege-und-gebaeudeservice\/#primaryimage","url":"https:\/\/haushelden-service.de\/wp-content\/uploads\/2024\/01\/hammer.png","contentUrl":"https:\/\/haushelden-service.de\/wp-content\/uploads\/2024\/01\/hammer.png","width":368,"height":372},{"@type":"BreadcrumbList","@id":"https:\/\/haushelden-service.de\/index.php\/services-page\/haus-service-in-koeln-und-umgebung-professionelle-immobilienpflege-und-gebaeudeservice\/#breadcrumb","itemListElement":[{"@type":"ListItem","position":1,"name":"Startseite","item":"https:\/\/haushelden-service.de\/"},{"@type":"ListItem","position":2,"name":"UNSER ANGEBOT F\u00dcR SIE IM \u00dcBERBLICK","item":"https:\/\/haushelden-service.de\/index.php\/services-page\/"},{"@type":"ListItem","position":3,"name":"Haus-Service"}]},{"@type":"WebSite","@id":"https:\/\/haushelden-service.de\/#website","url":"https:\/\/haushelden-service.de\/","name":"Haushelden-Service","description":"Ihr kompetenter Partner f\u00fcr alles rund ums Haus","publisher":{"@id":"https:\/\/haushelden-service.de\/#organization"},"potentialAction":[{"@type":"SearchAction","target":{"@type":"EntryPoint","urlTemplate":"https:\/\/haushelden-service.de\/?s={search_term_string}"},"query-input":{"@type":"PropertyValueSpecification","valueRequired":true,"valueName":"search_term_string"}}],"inLanguage":"de"},{"@type":"Organization","@id":"https:\/\/haushelden-service.de\/#organization","name":"Haushelden-Service","url":"https:\/\/haushelden-service.de\/","logo":{"@type":"ImageObject","inLanguage":"de","@id":"https:\/\/haushelden-service.de\/#\/schema\/logo\/image\/","url":"https:\/\/haushelden-service.de\/wp-content\/uploads\/2024\/01\/01_Haushelden_logo_FINAL_2024.png","contentUrl":"https:\/\/haushelden-service.de\/wp-content\/uploads\/2024\/01\/01_Haushelden_logo_FINAL_2024.png","width":2210,"height":1212,"caption":"Haushelden-Service"},"image":{"@id":"https:\/\/haushelden-service.de\/#\/schema\/logo\/image\/"},"sameAs":["https:\/\/www.instagram.com\/haushelden_service\/"]}]}},"_links":{"self":[{"href":"https:\/\/haushelden-service.de\/index.php\/wp-json\/wp\/v2\/pages\/643","targetHints":{"allow":["GET"]}}],"collection":[{"href":"https:\/\/haushelden-service.de\/index.php\/wp-json\/wp\/v2\/pages"}],"about":[{"href":"https:\/\/haushelden-service.de\/index.php\/wp-json\/wp\/v2\/types\/page"}],"author":[{"embeddable":true,"href":"https:\/\/haushelden-service.de\/index.php\/wp-json\/wp\/v2\/users\/1"}],"replies":[{"embeddable":true,"href":"https:\/\/haushelden-service.de\/index.php\/wp-json\/wp\/v2\/comments?post=643"}],"version-history":[{"count":16,"href":"https:\/\/haushelden-service.de\/index.php\/wp-json\/wp\/v2\/pages\/643\/revisions"}],"predecessor-version":[{"id":777,"href":"https:\/\/haushelden-service.de\/index.php\/wp-json\/wp\/v2\/pages\/643\/revisions\/777"}],"up":[{"embeddable":true,"href":"https:\/\/haushelden-service.de\/index.php\/wp-json\/wp\/v2\/pages\/329"}],"wp:attachment":[{"href":"https:\/\/haushelden-service.de\/index.php\/wp-json\/wp\/v2\/media?parent=643"}],"curies":[{"name":"wp","href":"https:\/\/api.w.org\/{rel}","templated":true}]}}